{"id":28564,"date":"2025-01-16T14:03:01","date_gmt":"2025-01-16T14:03:01","guid":{"rendered":"https:\/\/www.erickson.international\/en\/?page_id=28564"},"modified":"2025-01-20T12:58:18","modified_gmt":"2025-01-20T12:58:18","slug":"we-are-memory","status":"publish","type":"page","link":"https:\/\/www.erickson.international\/en\/we-are-memory\/","title":{"rendered":"We are memory"},"content":{"rendered":"<div class=\"col-lg-12 col-md-12 col-sm-12 listalibri landingpage\">\n<!-- Bollino --><\/p>\n<div class=\"col-lg-12\"><img src=\"http:\/\/www.erickson.international\/wp-content\/uploads\/2016\/03\/Focus_on_BOLLO.jpg\" alt=\"\"><\/div>\n<p><!-- Bollino END --><br \/>\n<!-- Titolo --><\/p>\n<div class=\"col-lg-12\">\n<h1 class=\"maggio23\">We are memory<\/h1>\n<p class=\"maggio23\"><strong>Didactics of memory: programmes about Judaism and Shoah in secondary school<\/strong><\/p>\n<\/div>\n<p><!-- Titolo END --><br \/>\n<!-- Highlights --><\/p>\n<div class=\"col-lg-12 linea-landingpage\">\n<hr>\n<p><!-- START ROW --><\/p>\n<div class=\"row\">\n<div class=\"col-lg-12 col-md-12 col-sm-12 col-xs-12\"><img src=\"https:\/\/www.erickson.international\/wp-content\/uploads\/2025\/01\/BASE_1000_Noi_siamo_memoria-1.jpg\" border=\"0\" class=\"img-responsive\"><\/div>\n<div class=\"col-lg-12 col-md-12 col-sm-12 col-xs-12\">\n<p class=\"maggio23\">&nbsp;<\/p>\n<p class=\"maggio23\" style=\"text-align: center;\"><em>\u00ab In order to teach Remembrance, it is necessary to widen one&#8217;s gaze and place the Shoah within a pathway, to understand that that precise moment, so often described in books and movies, is the terminal point of a journey of hatred, propaganda, violence, and racist politics. \u00bb<\/em> &#8211; (Matteo Corradini)<\/p>\n<\/div>\n<\/div>\n<p><!-- END ROW --><\/p>\n<p><!-- START ROW --><\/p>\n<div class=\"row\">\n<div class=\"col-lg-12 col-md-12 col-sm-12 col-xs-12\">\n<p class=\"nome-cognome-autore\" style=\"text-transform: uppercase\">The volume<\/p>\n<p style=\"maggio23\">This book provides a <strong>comprehensive exploration of memory<\/strong>, divided into <strong>5 stages with 20 activities<\/strong>, featuring both theoretical and practical tools <strong>to address memory and the Holocaust in secondary schools.<\/strong> It offers methodological guidance, encouraging teachers to approach these topics with openness, while providing numerous actionable proposals to engage students in stimulating practical activities.<\/p>\n<\/div>\n<\/div>\n<p><!-- END ROW --><\/p>\n<p><!-- START ROW  --><\/p>\n<div class=\"row\">\n<div class=\"col-lg-12 col-md-12 col-sm-12 col-xs-12\">\n<p class=\"nome-cognome-autore\" style=\"text-transform: uppercase\">Targets<\/p>\n<p style=\"maggio23\">The activities in this <strong>teaching guide<\/strong> are designed for <strong>secondary school students<\/strong>, ensuring meaningful and formative experiences that <strong>make their engagement with memory both relevant and compelling<\/strong>. Each stage of the process is aligned with general objectives, while every activity has specific aims. This course also aims to equip teachers and anyone guiding students through a sincere and profound educational experience.<\/p>\n<p class=\"maggio23\"><a href=\"https:\/\/www.erickson.international\/en\/catalogue\/historygeographyscience\/historygeographyscience\/we-are-memory\/\">Find out more! <\/a><\/p>\n<\/div>\n<\/div>\n<p><!-- END ROW --><\/p>\n<p><!-- START ROW --><\/p>\n<div class=\"row\">\n<div class=\"col-lg-12 col-md-12 col-sm-12 col-xs-12\">\n<p class=\"nome-cognome-autore\" style=\"text-transform: uppercase\">Volume structure<\/p>\n<p style=\"maggio23\">The course is organised into <strong>5 stages<\/strong>, each with a range <strong>of study, research, expression, and workshop activities<\/strong>. Topics covered include the exploration of Jewish culture, the mechanisms of prejudice and marginalisation employed by the Nazi and Fascist regimes, and the initiation and execution of the extermination of millions. The course concludes with <strong>20 additional independent activities<\/strong> that can be incorporated into a broader framework.<\/p>\n<p style=\"maggio23\"><strong>The volume offers:<\/strong><\/p>\n<\/div>\n<div class=\"col-lg-6 col-md-6 col-sm-12 col-xs-12\">\n\t\t<img src=\"https:\/\/www.erickson.international\/wp-content\/uploads\/2025\/01\/Base_1000_Noi_siamo_memoria_2.jpg\" border=\"0\" class=\"img-responsive\"><\/p>\n<p style=\"maggio23\">A description of the method and programme proposed by the author for teaching Holocaust memory.<\/p>\n<\/div>\n<div class=\"col-lg-6 col-md-6 col-sm-12 col-xs-12\">\n\t\t<img src=\"https:\/\/www.erickson.international\/wp-content\/uploads\/2025\/01\/Base_1000_Noi_siamo_memoria_3.jpg\" border=\"0\" class=\"img-responsive\"><\/p>\n<p style=\"maggio23\">Reflections on the meaning and value of memory, aiming to help us become the memory of the past ourselves.<\/p>\n<\/div>\n<div class=\"col-lg-612 col-md-12 col-sm-12 col-xs-12\">\n\t\t<img src=\"https:\/\/www.erickson.international\/wp-content\/uploads\/2025\/01\/Base_1000_Noi_siamo_memoria_4.jpg\" border=\"0\" class=\"img-responsive\"><\/p>\n<p style=\"maggio23\">The section with <strong>20 classroom activities<\/strong> focusing on:<\/p>\n<ul style=\"maggio23\">\n<li>Jewish identity and culture<\/li>\n<li>persecutions and prejudices<\/li>\n<li>the first phase of extermination<\/li>\n<li>the years following the Holocaust<\/li>\n<\/ul>\n<\/div>\n<\/div>\n<p><!-- END ROW --><\/p>\n<p><!-- START ROW  --><\/p>\n<div class=\"row\">\n<div class=\"col-lg-12 col-md-12 col-sm-12 col-xs-12\">\n<p class=\"maggio23\"><strong>Leaf through some selected pages from the book that have been translated into English to facilitate your evaluation:<\/strong><\/p>\n<div style=\"position:relative;padding-top:max(60%,326px);height:0;width:100%\"><iframe sandbox=\"allow-top-navigation allow-top-navigation-by-user-activation allow-downloads allow-scripts allow-same-origin allow-popups allow-modals allow-popups-to-escape-sandbox\" allowfullscreen=\"true\" style=\"position:absolute;border:none;width:100%;height:100%;left:0;right:0;top:0;bottom:0;\" src=\"https:\/\/e.issuu.com\/embed.html?backgroundColor=%239c743d&amp;backgroundColorFullscreen=%239c743d&amp;d=noi_siamo_memoria_eng&amp;hideIssuuLogo=true&amp;hideShareButton=true&amp;u=edizionierickson\"><\/iframe><\/div>\n<\/div>\n<\/div>\n<p><!-- END ROW --><\/p>\n<p><!-- START ROW --><\/p>\n<div class=\"row\">\n<div class=\"col-lg-12 col-md-12 col-sm-12 col-xs-12\">\n<p class=\"nome-cognome-autore\">THE AUTHORS<\/p>\n<p class=\"maggio23\"><strong>Matteo Corradini<\/strong> is a Hebraist and a writer. He prepares musical readings, theatrical productions, and memorial teaching projects. A recipient of the Andersen Award 2018, he is one of the curators of the \u2018writer city festival\u2019 (Cuneo). Since 2003 he has been researching the Terez\u00edn ghetto, recovering stories, objects and musical instruments, and is one of the founders of the Institut terez\u00ednsk\u00fdch skladatel\u016f (Terez\u00edn Composers Institute) in Prague.<\/p>\n<\/div>\n<\/div>\n<p><!-- END ROW --><\/p>\n<p><!-- START ROW --><\/p>\n<div class=\"row\" style=\"background-color:#F2F3F7\">\n<div class=\"col-lg-12 col-md-12 col-sm-12 col-xs-12\" align=\"center\" style=\"background-color:#F2F3F7\">\n<p class=\"maggio23\" align=\"center\">&nbsp;<\/p>\n<p class=\"maggio23\" align=\"center\"><strong>Discover the volume for<\/strong> <a href=\"https:\/\/www.erickson.international\/en\/you-are-memory\/\"><strong>PRIMARY SCHOOL<\/strong><\/a><\/p>\n<div align=\"center\" class=\"col-lg-12 col-md-12 col-sm-12 col-xs-12\" style=\"background-color:#F2F3F7\"><a href=\"https:\/\/www.erickson.international\/en\/you-are-memory\/\"><img src=\"https:\/\/www.erickson.international\/wp-content\/uploads\/2025\/01\/BASE_1000_tu_sei_memoria_CTA.jpg\" border=\"0\" style=\"max-width:600px\" width=\"600px\"><\/a><\/div>\n<p align=\"center\" class=\"maggio23\">&nbsp;<\/p>\n<\/div>\n<\/div>\n<p><!-- END ROW --><\/p>\n<\/div>\n<\/div>\n","protected":false},"excerpt":{"rendered":"<p>We are memory Didactics of memory: programmes about Judaism and Shoah in secondary school &nbsp; \u00ab In order to teach Remembrance, it is necessary to widen one&#8217;s gaze and place the Shoah within a pathway, to understand that that precise moment, so often described in books and movies, is the terminal point of a journey [&hellip;]<\/p>\n","protected":false},"author":4,"featured_media":0,"parent":0,"menu_order":0,"comment_status":"closed","ping_status":"closed","template":"page-templates\/page-landing2colonne.php","meta":[],"acf":[],"yoast_head":"<!-- This site is optimized with the Yoast SEO plugin v19.6 - https:\/\/yoast.com\/wordpress\/plugins\/seo\/ -->\n<title>We are memory - Erickson International<\/title>\n<meta name=\"robots\" content=\"index, follow, max-snippet:-1, max-image-preview:large, max-video-preview:-1\" \/>\n<link rel=\"canonical\" href=\"https:\/\/www.erickson.international\/en\/we-are-memory\/\" \/>\n<meta name=\"twitter:label1\" content=\"Est. reading time\" \/>\n\t<meta name=\"twitter:data1\" content=\"4 minutes\" \/>\n<script type=\"application\/ld+json\" class=\"yoast-schema-graph\">{\"@context\":\"https:\/\/schema.org\",\"@graph\":[{\"@type\":\"WebPage\",\"@id\":\"https:\/\/www.erickson.international\/en\/we-are-memory\/\",\"url\":\"https:\/\/www.erickson.international\/en\/we-are-memory\/\",\"name\":\"We are memory - Erickson International\",\"isPartOf\":{\"@id\":\"https:\/\/www.erickson.international\/pt-br\/#website\"},\"datePublished\":\"2025-01-16T14:03:01+00:00\",\"dateModified\":\"2025-01-20T12:58:18+00:00\",\"breadcrumb\":{\"@id\":\"https:\/\/www.erickson.international\/en\/we-are-memory\/#breadcrumb\"},\"inLanguage\":\"en-US\",\"potentialAction\":[{\"@type\":\"ReadAction\",\"target\":[\"https:\/\/www.erickson.international\/en\/we-are-memory\/\"]}]},{\"@type\":\"BreadcrumbList\",\"@id\":\"https:\/\/www.erickson.international\/en\/we-are-memory\/#breadcrumb\",\"itemListElement\":[{\"@type\":\"ListItem\",\"position\":1,\"name\":\"Home\",\"item\":\"https:\/\/www.erickson.international\/en\/\"},{\"@type\":\"ListItem\",\"position\":2,\"name\":\"We are memory\"}]},{\"@type\":\"WebSite\",\"@id\":\"https:\/\/www.erickson.international\/pt-br\/#website\",\"url\":\"https:\/\/www.erickson.international\/pt-br\/\",\"name\":\"Erickson International\",\"description\":\"Ideas that help\",\"potentialAction\":[{\"@type\":\"SearchAction\",\"target\":{\"@type\":\"EntryPoint\",\"urlTemplate\":\"https:\/\/www.erickson.international\/pt-br\/?s={search_term_string}\"},\"query-input\":\"required name=search_term_string\"}],\"inLanguage\":\"en-US\"}]}<\/script>\n<!-- \/ Yoast SEO plugin. -->","yoast_head_json":{"title":"We are memory - Erickson International","robots":{"index":"index","follow":"follow","max-snippet":"max-snippet:-1","max-image-preview":"max-image-preview:large","max-video-preview":"max-video-preview:-1"},"canonical":"https:\/\/www.erickson.international\/en\/we-are-memory\/","twitter_misc":{"Est. reading time":"4 minutes"},"schema":{"@context":"https:\/\/schema.org","@graph":[{"@type":"WebPage","@id":"https:\/\/www.erickson.international\/en\/we-are-memory\/","url":"https:\/\/www.erickson.international\/en\/we-are-memory\/","name":"We are memory - Erickson International","isPartOf":{"@id":"https:\/\/www.erickson.international\/pt-br\/#website"},"datePublished":"2025-01-16T14:03:01+00:00","dateModified":"2025-01-20T12:58:18+00:00","breadcrumb":{"@id":"https:\/\/www.erickson.international\/en\/we-are-memory\/#breadcrumb"},"inLanguage":"en-US","potentialAction":[{"@type":"ReadAction","target":["https:\/\/www.erickson.international\/en\/we-are-memory\/"]}]},{"@type":"BreadcrumbList","@id":"https:\/\/www.erickson.international\/en\/we-are-memory\/#breadcrumb","itemListElement":[{"@type":"ListItem","position":1,"name":"Home","item":"https:\/\/www.erickson.international\/en\/"},{"@type":"ListItem","position":2,"name":"We are memory"}]},{"@type":"WebSite","@id":"https:\/\/www.erickson.international\/pt-br\/#website","url":"https:\/\/www.erickson.international\/pt-br\/","name":"Erickson International","description":"Ideas that help","potentialAction":[{"@type":"SearchAction","target":{"@type":"EntryPoint","urlTemplate":"https:\/\/www.erickson.international\/pt-br\/?s={search_term_string}"},"query-input":"required name=search_term_string"}],"inLanguage":"en-US"}]}},"_links":{"self":[{"href":"https:\/\/www.erickson.international\/en\/wp-json\/wp\/v2\/pages\/28564"}],"collection":[{"href":"https:\/\/www.erickson.international\/en\/wp-json\/wp\/v2\/pages"}],"about":[{"href":"https:\/\/www.erickson.international\/en\/wp-json\/wp\/v2\/types\/page"}],"author":[{"embeddable":true,"href":"https:\/\/www.erickson.international\/en\/wp-json\/wp\/v2\/users\/4"}],"replies":[{"embeddable":true,"href":"https:\/\/www.erickson.international\/en\/wp-json\/wp\/v2\/comments?post=28564"}],"version-history":[{"count":7,"href":"https:\/\/www.erickson.international\/en\/wp-json\/wp\/v2\/pages\/28564\/revisions"}],"predecessor-version":[{"id":28596,"href":"https:\/\/www.erickson.international\/en\/wp-json\/wp\/v2\/pages\/28564\/revisions\/28596"}],"wp:attachment":[{"href":"https:\/\/www.erickson.international\/en\/wp-json\/wp\/v2\/media?parent=28564"}],"curies":[{"name":"wp","href":"https:\/\/api.w.org\/{rel}","templated":true}]}}

<div class="col-lg-12 col-md-12 col-sm-12 listalibri landingpage">
<!-- Bollino --></p>
<div class="col-lg-12"><img src="http://www.erickson.international/wp-content/uploads/2016/03/Focus_on_BOLLO.jpg" alt=""></div>
<p><!-- Bollino END --><br />
<!-- Titolo --></p>
<div class="col-lg-12">
<h1 class="maggio23">We are memory</h1>
<p class="maggio23"><strong>Didactics of memory: programmes about Judaism and Shoah in secondary school</strong></p>
</div>
<p><!-- Titolo END --><br />
<!-- Highlights --></p>
<div class="col-lg-12 linea-landingpage">
<hr>
<p><!-- START ROW --></p>
<div class="row">
<div class="col-lg-12 col-md-12 col-sm-12 col-xs-12"><img src="https://www.erickson.international/wp-content/uploads/2025/01/BASE_1000_Noi_siamo_memoria-1.jpg" border="0" class="img-responsive"></div>
<div class="col-lg-12 col-md-12 col-sm-12 col-xs-12">
<p class="maggio23">&nbsp;</p>
<p class="maggio23" style="text-align: center;"><em>« In order to teach Remembrance, it is necessary to widen one&#8217;s gaze and place the Shoah within a pathway, to understand that that precise moment, so often described in books and movies, is the terminal point of a journey of hatred, propaganda, violence, and racist politics. »</em> &#8211; (Matteo Corradini)</p>
</div>
</div>
<p><!-- END ROW --></p>
<p><!-- START ROW --></p>
<div class="row">
<div class="col-lg-12 col-md-12 col-sm-12 col-xs-12">
<p class="nome-cognome-autore" style="text-transform: uppercase">The volume</p>
<p style="maggio23">This book provides a <strong>comprehensive exploration of memory</strong>, divided into <strong>5 stages with 20 activities</strong>, featuring both theoretical and practical tools <strong>to address memory and the Holocaust in secondary schools.</strong> It offers methodological guidance, encouraging teachers to approach these topics with openness, while providing numerous actionable proposals to engage students in stimulating practical activities.</p>
</div>
</div>
<p><!-- END ROW --></p>
<p><!-- START ROW  --></p>
<div class="row">
<div class="col-lg-12 col-md-12 col-sm-12 col-xs-12">
<p class="nome-cognome-autore" style="text-transform: uppercase">Targets</p>
<p style="maggio23">The activities in this <strong>teaching guide</strong> are designed for <strong>secondary school students</strong>, ensuring meaningful and formative experiences that <strong>make their engagement with memory both relevant and compelling</strong>. Each stage of the process is aligned with general objectives, while every activity has specific aims. This course also aims to equip teachers and anyone guiding students through a sincere and profound educational experience.</p>
<p class="maggio23"><a href="https://www.erickson.international/en/catalogue/historygeographyscience/historygeographyscience/we-are-memory/">Find out more! </a></p>
</div>
</div>
<p><!-- END ROW --></p>
<p><!-- START ROW --></p>
<div class="row">
<div class="col-lg-12 col-md-12 col-sm-12 col-xs-12">
<p class="nome-cognome-autore" style="text-transform: uppercase">Volume structure</p>
<p style="maggio23">The course is organised into <strong>5 stages</strong>, each with a range <strong>of study, research, expression, and workshop activities</strong>. Topics covered include the exploration of Jewish culture, the mechanisms of prejudice and marginalisation employed by the Nazi and Fascist regimes, and the initiation and execution of the extermination of millions. The course concludes with <strong>20 additional independent activities</strong> that can be incorporated into a broader framework.</p>
<p style="maggio23"><strong>The volume offers:</strong></p>
</div>
<div class="col-lg-6 col-md-6 col-sm-12 col-xs-12">
		<img src="https://www.erickson.international/wp-content/uploads/2025/01/Base_1000_Noi_siamo_memoria_2.jpg" border="0" class="img-responsive"></p>
<p style="maggio23">A description of the method and programme proposed by the author for teaching Holocaust memory.</p>
</div>
<div class="col-lg-6 col-md-6 col-sm-12 col-xs-12">
		<img src="https://www.erickson.international/wp-content/uploads/2025/01/Base_1000_Noi_siamo_memoria_3.jpg" border="0" class="img-responsive"></p>
<p style="maggio23">Reflections on the meaning and value of memory, aiming to help us become the memory of the past ourselves.</p>
</div>
<div class="col-lg-612 col-md-12 col-sm-12 col-xs-12">
		<img src="https://www.erickson.international/wp-content/uploads/2025/01/Base_1000_Noi_siamo_memoria_4.jpg" border="0" class="img-responsive"></p>
<p style="maggio23">The section with <strong>20 classroom activities</strong> focusing on:</p>
<ul style="maggio23">
<li>Jewish identity and culture</li>
<li>persecutions and prejudices</li>
<li>the first phase of extermination</li>
<li>the years following the Holocaust</li>
</ul>
</div>
</div>
<p><!-- END ROW --></p>
<p><!-- START ROW  --></p>
<div class="row">
<div class="col-lg-12 col-md-12 col-sm-12 col-xs-12">
<p class="maggio23"><strong>Leaf through some selected pages from the book that have been translated into English to facilitate your evaluation:</strong></p>
<div style="position:relative;padding-top:max(60%,326px);height:0;width:100%"><iframe sandbox="allow-top-navigation allow-top-navigation-by-user-activation allow-downloads allow-scripts allow-same-origin allow-popups allow-modals allow-popups-to-escape-sandbox" allowfullscreen="true" style="position:absolute;border:none;width:100%;height:100%;left:0;right:0;top:0;bottom:0;" src="https://e.issuu.com/embed.html?backgroundColor=%239c743d&amp;backgroundColorFullscreen=%239c743d&amp;d=noi_siamo_memoria_eng&amp;hideIssuuLogo=true&amp;hideShareButton=true&amp;u=edizionierickson"></iframe></div>
</div>
</div>
<p><!-- END ROW --></p>
<p><!-- START ROW --></p>
<div class="row">
<div class="col-lg-12 col-md-12 col-sm-12 col-xs-12">
<p class="nome-cognome-autore">THE AUTHORS</p>
<p class="maggio23"><strong>Matteo Corradini</strong> is a Hebraist and a writer. He prepares musical readings, theatrical productions, and memorial teaching projects. A recipient of the Andersen Award 2018, he is one of the curators of the ‘writer city festival’ (Cuneo). Since 2003 he has been researching the Terezín ghetto, recovering stories, objects and musical instruments, and is one of the founders of the Institut terezínských skladatelů (Terezín Composers Institute) in Prague.</p>
</div>
</div>
<p><!-- END ROW --></p>
<p><!-- START ROW --></p>
<div class="row" style="background-color:#F2F3F7">
<div class="col-lg-12 col-md-12 col-sm-12 col-xs-12" align="center" style="background-color:#F2F3F7">
<p class="maggio23" align="center">&nbsp;</p>
<p class="maggio23" align="center"><strong>Discover the volume for</strong> <a href="https://www.erickson.international/en/you-are-memory/"><strong>PRIMARY SCHOOL</strong></a></p>
<div align="center" class="col-lg-12 col-md-12 col-sm-12 col-xs-12" style="background-color:#F2F3F7"><a href="https://www.erickson.international/en/you-are-memory/"><img src="https://www.erickson.international/wp-content/uploads/2025/01/BASE_1000_tu_sei_memoria_CTA.jpg" border="0" style="max-width:600px" width="600px"></a></div>
<p align="center" class="maggio23">&nbsp;</p>
</div>
</div>
<p><!-- END ROW --></p>
</div>
</div>
